alse
Is 37913923 a composite number?
False
Is 135072929 a prime number?
True
Is 37269031 prime?
False
Is 1392617 prime?
False
Is 6034091 prime?
False
Is 2732893 composite?
False
Is 18484171 composite?
False
Is 1011472487 a composite number?
False
Is 83503861 composite?
True
Is 257437 composite?
False
Is 779837 prime?
True
Is 61781 composite?
False
Is 2866789 composite?
True
Is 66872461 composite?
True
Is 6576571 composite?
False
Is 280456991 prime?
True
Is 75215479 composite?
False
Is 86323 a composite number?
False
Is 572023 composite?
False
Is 38539 a prime number?
False
Is 25605862 composite?
True
Is 102109369 a composite number?
False
Is 623657 composite?
True
Is 53987 a composite number?
False
Is 5180723 a prime number?
False
Is 2152613 prime?
False
Is 889171 a prime number?
True
Is 1490053 a composite number?
True
Is 95540953 composite?
False
Is 40025443 composite?
False
Is 10111219 composite?
True
Is 15372209 prime?
True
Is 184077407 prime?
True
Is 650519 a composite number?
False
Is 291043499 a composite number?
False
Is 369222661 composite?
True
Is 20854843 a composite number?
False
Is 1757369 prime?
False
Is 27737971 prime?
False
Is 7686291 composite?
True
Is 158479973 a composite number?
True
Is 3254011 a composite number?
True
Is 1307557 a prime number?
True
Is 32875597 prime?
False
Is 1417109 a prime number?
False
Is 21881 composite?
False
Is 24035971 prime?
False
Is 704061803 prime?
False
Is 1070195435 a composite number?
True
Is 16980401 a composite number?
True
Is 2259307 prime?
False
Is 4778213 a prime number?
False
Is 11196167 composite?
False
Is 17589911 a composite number?
True
Is 41665447 prime?
True
Is 55436383 composite?
True
Is 8352619 composite?
True
Is 1247759 a prime number?
True
Is 10802657 prime?
False
Is 100209 prime?
False
Is 171293 prime?
True
Is 9795161 composite?
False
Is 18251 a composite number?
False
Is 15755303 prime?
False
Is 4902757 a prime number?
True
Is 7275809 a composite number?
False
Is 5873771 a prime number?
False
Is 12121562 a prime number?
False
Is 3565381 composite?
False
Is 10814299 prime?
False
Is 19616809 composite?
False
Is 8484943 prime?
False
Is 445741 a composite number?
False
Is 15511 a composite number?
False
Is 116294617 a composite number?
False
Is 6062911 prime?
True
Is 8556299 prime?
False
Is 238292113 composite?
False
Is 3682753 a prime number?
False
Is 2827081 prime?
False
Is 1425766 a prime number?
False
Is 497755135 a composite number?
True
Is 4973527 a prime number?
False
Is 16318451 composite?
True
Is 14674909 composite?
False
Is 30532063 composite?
True
Is 13962639 a composite number?
True
Is 35059499 prime?
False
Is 46394191 a prime number?
True
Is 211034947 a composite number?
False
Is 14439731 composite?
True
Is 172997 composite?
True
Is 6547579 a prime number?
True
Is 25189583 a composite number?
True
Is 118939397 a composite number?
False
Is 1869893 a composite number?
True
Is 5154053 composite?
True
Is 1970582 a composite number?
True
Is 351257 a prime number?
True
Is 3933191 prime?
False
Is 112372177 a composite number?
False
Is 375767 composite?
True
Is 855373 composite?
False
Is 178967831 a prime number?
False
Is 72704323 prime?
True
Is 133402117 composite?
True
Is 15271901 prime?
True
Is 232690505 prime?
False
Is 47859953 a prime number?
False
Is 192838757 prime?
False
Is 22003201 composite?
True
Is 36663779 composite?
True
Is 27950521 prime?
True
Is 515621 composite?
False
Is 187442161 composite?
True
Is 18048995 prime?
False
Is 16060573 prime?
False
Is 3956371 composite?
True
Is 9596561 composite?
True
Is 1076717 a prime number?
True
Is 166079071 a prime number?
False
Is 2827889 a composite number?
True
Is 1492499 a prime number?
True
Is 5740331 a composite number?
True
Is 13759979 a composite number?
False
Is 364183 prime?
True
Is 18817289 composite?
True
Is 1394807 composite?
True
Is 170328259 a composite number?
False
Is 47656009 prime?
False
Is 1318661 composite?
False
Is 55095379 prime?
True
Is 127532549 composite?
False
Is 510717107 composite?
True
Is 3896923 a prime number?
True
Is 23061079 composite?
True
Is 277068817 a prime number?
True
Is 42776521 a prime number?
False
Is 429770849 composite?
False
Is 7790047 a composite number?
False
Is 133794943 composite?
True
Is 179606551 a composite number?
True
Is 570733 composite?
False
Is 372528847 composite?
False
Is 41579 composite?
False
Is 199306637 composite?
True
Is 13587587 a composite number?
True
Is 16039289 prime?
False
Is 524790113 a composite number?
False
Is 72101633 prime?
False
Is 472669143 a composite number?
True
Is 1004465498 composite?
True
Is 5230627 composite?
False
Is 1278551 a prime number?
True
Is 32378321 composite?
False
Is 880697 prime?
False
Is 6575029 prime?
True
Is 1048793 a composite number?
False
Is 507043 a composite number?
True
Is 119531 prime?
False
Is 124518477 a composite number?
True
Is 11588537 a composite number?
True
Is 18151358 prime?
False
Is 14795621 prime?
False
Is 51330491 composite?
False
Is 214250159 prime?
True
Is 70298521 composite?
False
Is 83620351 composite?
False
Is 128167957 a prime number?
True
Is 65019109 composite?
True
Is 518269951 composite?
False
Is 1878547 a prime number?
False
Is 2331829 composite?
False
Is 967661 a prime number?
False
Is 490381 composite?
True
Is 22896287 composite?
False
Is 22419647 composite?
True
Is 142553309 prime?
False
Is 22016569 prime?
True
Is 6124109 composite?
False
Is 1646121 a prime number?
False
Is 1760615 composite?
True
Is 64913327 a composite number?
True
Is 1432189897 a prime number?
True
Is 20849267 a prime number?
False
Is 2130241 a prime number?
True
Is 18904529 prime?
False
Is 26948541 a prime number?
False
Is 5426779 composite?
False
Is 30384943 a prime number?
True
Is 12614353 prime?
True
Is 44132633 prime?
True
Is 17779823 composite?
False
Is 17065579 prime?
False
Is 14149111 a prime number?
True
Is 1650463 a composite number?
False
Is 7838417 composite?
True
Is 95662861 a composite number?
True
Is 118366327 a prime number?
True
Is 470709881 composite?
True
Is 25925179 a composite number?
True
Is 8050577 prime?
True
Is 16030147 composite?
True
Is 236222851 a prime number?
True
Is 2007907 a prime number?
False
Is 216884257 prime?
True
Is 367834843 a prime number?
True
Is 279498361 a prime number?
True
Is 4655411 a prime number?
True
Is 57023311 prime?
True
Is 41921987 a composite number?
False
Is 538355 a prime number?
False
Is 114339961 a prime number?
True
Is 32545333 a prime number?
True
Is 1297031 a prime number?
False
Is 647759719 a composite number?
False
Is 165659107 composite?
True
Is 50859695 composite?
True
Is 102365693 prime?
False
Is 37705841 prime?
True
Is 43706913 composite?
True
Is 186469 a prime number?
True
Is 9752387 a prime number?
True
Is 41495911 composite?
False
Is 4202413 prime?
True
Is 9305567 a composite number?
True
Is 119423 prime?
False
Is 781150197 composite?
True
Is 42032818 a prime number?
False
Is 2811583 composite?
False
Is 356144381 composite?
False
Is 8932993 composite?
True
Is 11157469 composite?
True
Is 2639821 a prime number?
False
Is 2737403 composite?
True
Is 5422537 a composite number?
True
Is 1193581 a composite number?
True
Is 3169721 composite?
False
Is 7668011 prime?
False
Is 26112007 a prime number?
True
Is 2600161 prime?
True
Is 125591 composite?
False
Is 487843 prime?
True
Is 1370311 prime?
True
Is 2126363 composite?
False
Is 384359 prime?
True
Is 7898447 prime?
True
Is 3249557 a prime number?
True
Is 69961559 composite?
True
Is 1339847 composite?
True
Is 223682545 composite?
True
Is 1984039 a composite number?
False
Is 103396691 composite?
False
Is 8384071 a composite number?
False
Is 1863839 prime?
True
Is 4713937 composite?
True
Is 566983 prime?
False
Is 758614 composite?
True
Is 6963311 a composite number?
True
Is 590988949 composite?
False
Is 6417113 a prime number?
True
Is 56039023 prime?
True
Is 1084297 composite?
False
Is 1070885 composite?
True
Is 30594709 a prime number?
False
Is 22780207 a composite number?
False
Is 2689081 a prime number?
False
Is 2385521 a composite number?
True
Is 11699 a composite number?
False
Is 21457243 composite?
True
Is 2280401 composite?
False
Is 550677269 a composite number?
False
Is 130297529 composite?
False
Is 500